{"id":9058,"date":"2020-01-20T10:34:07","date_gmt":"2020-01-20T10:34:07","guid":{"rendered":"http:\/\/www.aegv.edu.pt\/bibliotecadagil\/?page_id=9058"},"modified":"2021-07-28T21:13:55","modified_gmt":"2021-07-28T21:13:55","slug":"ler-assim-ler-assado-ler-de-todas-as-maneiras","status":"publish","type":"page","link":"https:\/\/www.aegv.edu.pt\/bibliotecadagil\/ler-assim-ler-assado-ler-de-todas-as-maneiras\/","title":{"rendered":"Ler assim, Ler assado, Ler de todas as maneiras."},"content":{"rendered":"\n<h2><strong>Sess\u00e3o de Leituras &#8211; Tu vieste em flor&#8230;<\/strong><\/h2>\n\n\n\n<p>Atividade de leitura dinamizada pela Biblioteca da Escola Gil Vicente, em parceria com o Grupo de Portugu\u00eas dinamizada pelo Prof. Maur\u00edcio Bonito.<\/p>\n\n\n\n<p> Turmas: 11\u00ba TT e 7\u00ba 1\u00aa<\/p>\n\n\n\n<figure class=\"wp-block-embed-youtube wp-block-embed is-type-video is-provider-youtube wp-embed-aspect-16-9 wp-has-aspect-ratio\"><div class=\"wp-block-embed__wrapper\">\n<iframe loading=\"lazy\" title=\"Ler Assim, Ler Assado, Ler de Todas as Maneiras ( Biblioteca da Escola Gil Vicente - AEGV - 2021)\" width=\"525\" height=\"295\" src=\"https:\/\/www.youtube.com\/embed\/FucEJDOSpxo?feature=oembed\" frameborder=\"0\" allow=\"accelerometer; autoplay; clipboard-write; encrypted-media; gyroscope; picture-in-picture\" allowfullscreen><\/iframe>\n<\/div><\/figure>\n\n\n\n<h2><strong>Sess\u00e3o Experimental @D &#8211; 7\u00ba 1\u00aa<\/strong><\/h2>\n\n\n\n<p class=\"has-text-align-left\">Iniciativa de leitura, em parceria com a Biblioteca da Escola Gil Vicente (AEGV), dinamizada pelo Prof. Maur\u00edcio Bonito. 02-03-21 | 7\u00ba1\u00aa | Disciplina de Portugu\u00eas.<\/p>\n\n\n\n<p class=\"has-text-align-left\">Leitura dos textos:<\/p>\n\n\n\n<ul><li><strong>Can\u00e7\u00e3o de embalar dromed\u00e1rios<\/strong>, S\u00e9rgio Capparelli;<\/li><li><strong>A Can\u00e7\u00e3o dos tamanquinhos<\/strong>, Cec\u00edlia Meireles;<\/li><li><strong>O rel\u00f3gio<\/strong>, Vin\u00edcius de Moraes;<\/li><li><strong>A onda<\/strong>, Manuel Bandeira;<\/li><li><strong>Poeminha do contra<\/strong>, M\u00e1rio Quintana <\/li><\/ul>\n\n\n\n<figure class=\"wp-block-embed-youtube wp-block-embed is-type-video is-provider-youtube wp-embed-aspect-16-9 wp-has-aspect-ratio\"><div class=\"wp-block-embed__wrapper\">\n<iframe loading=\"lazy\" title=\"\u00abLer assim, ler assado, ler de todas as maneiras\u00bb, 02-03-21, 7\u00ba1\u00aa (AEGV)\" width=\"525\" height=\"295\" src=\"https:\/\/www.youtube.com\/embed\/46XPVjk7eT4?feature=oembed\" frameborder=\"0\" allow=\"accelerometer; autoplay; clipboard-write; encrypted-media; gyroscope; picture-in-picture\" allowfullscreen><\/iframe>\n<\/div><\/figure>\n\n\n\n<p><\/p>\n\n\n\n<h2><\/h2>\n","protected":false},"excerpt":{"rendered":"<p>Sess\u00e3o de Leituras &#8211; Tu vieste em flor&#8230; Atividade de leitura dinamizada pela Biblioteca da Escola Gil Vicente, em parceria com o Grupo de Portugu\u00eas dinamizada pelo Prof. Maur\u00edcio Bonito. Turmas: 11\u00ba TT e 7\u00ba 1\u00aa Sess\u00e3o Experimental @D &#8211; 7\u00ba 1\u00aa Iniciativa de leitura, em parceria com a Biblioteca da Escola Gil Vicente (AEGV), &hellip; <\/p>\n<p class=\"link-more\"><a href=\"https:\/\/www.aegv.edu.pt\/bibliotecadagil\/ler-assim-ler-assado-ler-de-todas-as-maneiras\/\" class=\"more-link\">Continuar a ler <span class=\"screen-reader-text\">&#8220;Ler assim, Ler assado, Ler de todas as maneiras.&#8221;<\/span><\/a><\/p>\n","protected":false},"author":2,"featured_media":0,"parent":0,"menu_order":0,"comment_status":"closed","ping_status":"closed","template":"","meta":[],"_links":{"self":[{"href":"https:\/\/www.aegv.edu.pt\/bibliotecadagil\/wp-json\/wp\/v2\/pages\/9058"}],"collection":[{"href":"https:\/\/www.aegv.edu.pt\/bibliotecadagil\/wp-json\/wp\/v2\/pages"}],"about":[{"href":"https:\/\/www.aegv.edu.pt\/bibliotecadagil\/wp-json\/wp\/v2\/types\/page"}],"author":[{"embeddable":true,"href":"https:\/\/www.aegv.edu.pt\/bibliotecadagil\/wp-json\/wp\/v2\/users\/2"}],"replies":[{"embeddable":true,"href":"https:\/\/www.aegv.edu.pt\/bibliotecadagil\/wp-json\/wp\/v2\/comments?post=9058"}],"version-history":[{"count":7,"href":"https:\/\/www.aegv.edu.pt\/bibliotecadagil\/wp-json\/wp\/v2\/pages\/9058\/revisions"}],"predecessor-version":[{"id":9289,"href":"https:\/\/www.aegv.edu.pt\/bibliotecadagil\/wp-json\/wp\/v2\/pages\/9058\/revisions\/9289"}],"wp:attachment":[{"href":"https:\/\/www.aegv.edu.pt\/bibliotecadagil\/wp-json\/wp\/v2\/media?parent=9058"}],"curies":[{"name":"wp","href":"https:\/\/api.w.org\/{rel}","templated":true}]}}

<h2><strong>Sessão de Leituras &#8211; Tu vieste em flor&#8230;</strong></h2>



<p>Atividade de leitura dinamizada pela Biblioteca da Escola Gil Vicente, em parceria com o Grupo de Português dinamizada pelo Prof. Maurício Bonito.</p>



<p> Turmas: 11º TT e 7º 1ª</p>



<figure class="wp-block-embed-youtube wp-block-embed is-type-video is-provider-youtube wp-embed-aspect-16-9 wp-has-aspect-ratio"><div class="wp-block-embed__wrapper">
<iframe loading="lazy" title="Ler Assim, Ler Assado, Ler de Todas as Maneiras ( Biblioteca da Escola Gil Vicente - AEGV - 2021)" width="525" height="295" src="https://www.youtube.com/embed/FucEJDOSpxo?feature=oembed" frameborder="0" allow="accelerometer; autoplay; clipboard-write; encrypted-media; gyroscope; picture-in-picture" allowfullscreen></iframe>
</div></figure>



<h2><strong>Sessão Experimental @D &#8211; 7º 1ª</strong></h2>



<p class="has-text-align-left">Iniciativa de leitura, em parceria com a Biblioteca da Escola Gil Vicente (AEGV), dinamizada pelo Prof. Maurício Bonito. 02-03-21 | 7º1ª | Disciplina de Português.</p>



<p class="has-text-align-left">Leitura dos textos:</p>



<ul><li><strong>Canção de embalar dromedários</strong>, Sérgio Capparelli;</li><li><strong>A Canção dos tamanquinhos</strong>, Cecília Meireles;</li><li><strong>O relógio</strong>, Vinícius de Moraes;</li><li><strong>A onda</strong>, Manuel Bandeira;</li><li><strong>Poeminha do contra</strong>, Mário Quintana </li></ul>



<figure class="wp-block-embed-youtube wp-block-embed is-type-video is-provider-youtube wp-embed-aspect-16-9 wp-has-aspect-ratio"><div class="wp-block-embed__wrapper">
<iframe loading="lazy" title="«Ler assim, ler assado, ler de todas as maneiras», 02-03-21, 7º1ª (AEGV)" width="525" height="295" src="https://www.youtube.com/embed/46XPVjk7eT4?feature=oembed" frameborder="0" allow="accelerometer; autoplay; clipboard-write; encrypted-media; gyroscope; picture-in-picture" allowfullscreen></iframe>
</div></figure>



<p></p>



<h2></h2>

<p>Sessão de Leituras &#8211; Tu vieste em flor&#8230; Atividade de leitura dinamizada pela Biblioteca da Escola Gil Vicente, em parceria com o Grupo de Português dinamizada pelo Prof. Maurício Bonito. Turmas: 11º TT e 7º 1ª Sessão Experimental @D &#8211; 7º 1ª Iniciativa de leitura, em parceria com a Biblioteca da Escola Gil Vicente (AEGV), &hellip; </p>
<p class="link-more"><a href="https://www.aegv.edu.pt/bibliotecadagil/ler-assim-ler-assado-ler-de-todas-as-maneiras/" class="more-link">Continuar a ler <span class="screen-reader-text">&#8220;Ler assim, Ler assado, Ler de todas as maneiras.&#8221;</span></a></p>
