{"id":223,"date":"2017-12-08T22:27:33","date_gmt":"2017-12-08T22:27:33","guid":{"rendered":"https:\/\/bibliotecadagil.wordpress.com\/?page_id=223"},"modified":"2018-07-07T23:42:14","modified_gmt":"2018-07-07T23:42:14","slug":"dia-mundial-do-livro-e-dos-direitos-de-autor","status":"publish","type":"page","link":"https:\/\/www.aegv.edu.pt\/bibliotecadagil\/dia-mundial-do-livro-e-dos-direitos-de-autor\/","title":{"rendered":"Dia Mundial do Livro e dos Direitos de Autor"},"content":{"rendered":"<p style=\"text-align: justify;\">Esta p\u00e1gina destina-se \u00e0 divulga\u00e7\u00e3o das iniciativas dinamizadas pela Biblioteca Escolar para comemora\u00e7\u00e3o do <em><strong>Dia Mundial do Livro e dos Direitos de Autor\u00a0<\/strong><\/em><strong>(23 de abril)<\/strong>.<\/p>\n","protected":false},"excerpt":{"rendered":"<p>Esta p\u00e1gina destina-se \u00e0 divulga\u00e7\u00e3o das iniciativas dinamizadas pela Biblioteca Escolar para comemora\u00e7\u00e3o do Dia Mundial do Livro e dos Direitos de Autor\u00a0(23 de abril).<\/p>\n","protected":false},"author":2,"featured_media":0,"parent":0,"menu_order":0,"comment_status":"closed","ping_status":"closed","template":"","meta":[],"_links":{"self":[{"href":"https:\/\/www.aegv.edu.pt\/bibliotecadagil\/wp-json\/wp\/v2\/pages\/223"}],"collection":[{"href":"https:\/\/www.aegv.edu.pt\/bibliotecadagil\/wp-json\/wp\/v2\/pages"}],"about":[{"href":"https:\/\/www.aegv.edu.pt\/bibliotecadagil\/wp-json\/wp\/v2\/types\/page"}],"author":[{"embeddable":true,"href":"https:\/\/www.aegv.edu.pt\/bibliotecadagil\/wp-json\/wp\/v2\/users\/2"}],"replies":[{"embeddable":true,"href":"https:\/\/www.aegv.edu.pt\/bibliotecadagil\/wp-json\/wp\/v2\/comments?post=223"}],"version-history":[{"count":1,"href":"https:\/\/www.aegv.edu.pt\/bibliotecadagil\/wp-json\/wp\/v2\/pages\/223\/revisions"}],"predecessor-version":[{"id":5267,"href":"https:\/\/www.aegv.edu.pt\/bibliotecadagil\/wp-json\/wp\/v2\/pages\/223\/revisions\/5267"}],"wp:attachment":[{"href":"https:\/\/www.aegv.edu.pt\/bibliotecadagil\/wp-json\/wp\/v2\/media?parent=223"}],"curies":[{"name":"wp","href":"https:\/\/api.w.org\/{rel}","templated":true}]}}

<p style="text-align: justify;">Esta página destina-se à divulgação das iniciativas dinamizadas pela Biblioteca Escolar para comemoração do <em><strong>Dia Mundial do Livro e dos Direitos de Autor </strong></em><strong>(23 de abril)</strong>.</p>

<p>Esta página destina-se à divulgação das iniciativas dinamizadas pela Biblioteca Escolar para comemoração do Dia Mundial do Livro e dos Direitos de Autor (23 de abril).</p>
