{"id":123,"date":"2017-11-21T10:10:09","date_gmt":"2017-11-21T12:10:09","guid":{"rendered":"https:\/\/bibliotecadagil.wordpress.com\/?page_id=123"},"modified":"2020-01-15T17:35:18","modified_gmt":"2020-01-15T17:35:18","slug":"dar-a-ver-dar-a-ler","status":"publish","type":"page","link":"https:\/\/www.aegv.edu.pt\/bibliotecadagil\/dar-a-ver-dar-a-ler\/","title":{"rendered":"Dar a Ver , Dar a Ler + (PNL &#8211; aLer+2027-)"},"content":{"rendered":"\n<div class=\"wp-block-image\"><figure class=\"aligncenter is-resized\"><img loading=\"lazy\" src=\"http:\/\/www.aegv.edu.pt\/bibliotecadagil\/wp-content\/uploads\/2020\/01\/DAR-A-VER-DAR-A-LER-v5.jpg\" alt=\"\" class=\"wp-image-9039\" width=\"384\" height=\"264\"\/><\/figure><\/div>\n\n\n<p style=\"text-align:justify;\">O projeto <strong><em>Dar a ver, Dar a ler <\/em><\/strong><em>+ \/&nbsp;<strong>Da Leitura \u00e0 Escrita<\/strong><\/em>&nbsp;destina-se \u00e0 promo\u00e7\u00e3o da leitura e de compet\u00eancias associadas, nomeadamente a escrita,&nbsp; no \u00e2mbito da iniciativa <strong>aLer+2027<\/strong>&nbsp;, do&nbsp;<strong>Plano Nacional de Leitura,&nbsp;<\/strong>em parceria com a&nbsp;<strong>Rede de Bibliotecas Escolares<\/strong>.<\/p>\n<p style=\"text-align:justify;\">As atividades propostas pela Biblioteca da Escola Gil Vicente dividem-se em tr\u00eas sec\u00e7\u00f5es d\u00edspares, embora relativas ao t\u00f3pico central, que passamos a descrever:<\/p>\n<ol>\n<li style=\"text-align:justify;\"><strong><em>Ad Memoriam<\/em><\/strong>:<strong><em>&nbsp;<\/em><\/strong>comemora\u00e7\u00e3o de efem\u00e9rides relacionadas com a leitura, o livro e as bibliotecas. Nesta categoria, incluem-se as comemora\u00e7\u00f5es do&nbsp; MIBE (M\u00eas Internacional das Bibliotecas Escolares), do <em>Dia Nacional das Bibliotecas Escolares<\/em>, da <em>Semana da Leitura,&nbsp;<\/em>do <em>Dia da Poesia<\/em>, do <em>Dia Mundial do Livro e dos Direitos de Autor<\/em>, entre outros. Todas as datas consideradas relevantes,&nbsp; do ponto de vista cultural, como o <em>Dia 25 de Abril<\/em>, por exemplo, tamb\u00e9m s\u00e3o inclu\u00eddas nesta categoria, uma vez que a Biblioteca da Escola Gil Vicente desenvolve atividades com docentes e discentes relacionadas com a celebra\u00e7\u00e3o dessa efem\u00e9ride.<\/li>\n<li style=\"text-align:justify;\"><strong><em>Desafios da BE<\/em><\/strong>: nesta sec\u00e7\u00e3o, incluem-se todas as atividades ou projetos sugeridos pela Biblioteca Escolar, no sentido de estimular o gosto pela leitura e pela escrita. As iniciativas podem assumir uma forma livre ou recreativa e, neste caso, funcionam como atividades extra-curriculares, ou podem ser planificadas com os docentes, de acordo com os <em>curricula <\/em>das disciplinas e com o referencial <em>Aprender com a Biblioteca escolar<\/em>, apresentando-se, ent\u00e3o, sob a forma de atividades colaborativas curriculares. Em ambos os casos, pretende-se agu\u00e7ar o interesse dos alunos pela leitura e pela escrita. Nesta categoria, incluem-se as seguintes atividades: <em>Clube de Leitura,&nbsp;Oficina de Escrita Criativa,&nbsp;Clube de Contadores de Hist\u00f3rias<\/em> (dinamizado pela autora e contadora de hist\u00f3rias, Elsa Serra),&nbsp;<em>Na Rua com Hist\u00f3rias <\/em>(projeto em parceria com a autora e contadora de hist\u00f3rias, Elsa Serra), leitura orientada de obras em articula\u00e7\u00e3o curricular, concurso liter\u00e1rio&nbsp;<em>\u00c0 descoberta de &#8230; Escritores &amp; Livros,<\/em>&nbsp;Sess\u00f5es de anima\u00e7\u00e3o e fomento da leitura &#8211;&nbsp;&nbsp;<em>Animarte.&nbsp;<\/em><\/li>\n<li style=\"text-align:justify;\"><strong><em>\u00c0 Conversa com&#8230;<\/em><\/strong>: consiste num ciclo anual de confer\u00eancias dinamizado pela Biblioteca da Escola Gil Vicente. Este ciclo pode assumir diversos formatos, <em>e.g.,&nbsp;<\/em>confer\u00eancia para um p\u00fablico alargado, palestra para um p\u00fablico mais restrito, debate sobre um t\u00f3pico, mesa-redonda, encontro com autores e apresenta\u00e7\u00f5es por especialistas numa \u00e1rea de conhecimento ou por agentes ligados \u00e0s bibliotecas, livrarias ou editoras.<\/li>\n<\/ol>\n<p>&nbsp;<\/p>","protected":false},"excerpt":{"rendered":"<p>O projeto Dar a ver, Dar a ler + \/&nbsp;Da Leitura \u00e0 Escrita&nbsp;destina-se \u00e0 promo\u00e7\u00e3o da leitura e de compet\u00eancias associadas, nomeadamente a escrita,&nbsp; no \u00e2mbito da iniciativa aLer+2027&nbsp;, do&nbsp;Plano Nacional de Leitura,&nbsp;em parceria com a&nbsp;Rede de Bibliotecas Escolares. As atividades propostas pela Biblioteca da Escola Gil Vicente dividem-se em tr\u00eas sec\u00e7\u00f5es d\u00edspares, embora relativas &hellip; <\/p>\n<p class=\"link-more\"><a href=\"https:\/\/www.aegv.edu.pt\/bibliotecadagil\/dar-a-ver-dar-a-ler\/\" class=\"more-link\">Continuar a ler <span class=\"screen-reader-text\">&#8220;Dar a Ver , Dar a Ler + (PNL &#8211; aLer+2027-)&#8221;<\/span><\/a><\/p>\n","protected":false},"author":2,"featured_media":0,"parent":0,"menu_order":0,"comment_status":"closed","ping_status":"closed","template":"","meta":[],"_links":{"self":[{"href":"https:\/\/www.aegv.edu.pt\/bibliotecadagil\/wp-json\/wp\/v2\/pages\/123"}],"collection":[{"href":"https:\/\/www.aegv.edu.pt\/bibliotecadagil\/wp-json\/wp\/v2\/pages"}],"about":[{"href":"https:\/\/www.aegv.edu.pt\/bibliotecadagil\/wp-json\/wp\/v2\/types\/page"}],"author":[{"embeddable":true,"href":"https:\/\/www.aegv.edu.pt\/bibliotecadagil\/wp-json\/wp\/v2\/users\/2"}],"replies":[{"embeddable":true,"href":"https:\/\/www.aegv.edu.pt\/bibliotecadagil\/wp-json\/wp\/v2\/comments?post=123"}],"version-history":[{"count":3,"href":"https:\/\/www.aegv.edu.pt\/bibliotecadagil\/wp-json\/wp\/v2\/pages\/123\/revisions"}],"predecessor-version":[{"id":9041,"href":"https:\/\/www.aegv.edu.pt\/bibliotecadagil\/wp-json\/wp\/v2\/pages\/123\/revisions\/9041"}],"wp:attachment":[{"href":"https:\/\/www.aegv.edu.pt\/bibliotecadagil\/wp-json\/wp\/v2\/media?parent=123"}],"curies":[{"name":"wp","href":"https:\/\/api.w.org\/{rel}","templated":true}]}}

<div class="wp-block-image"><figure class="aligncenter is-resized"><img loading="lazy" src="http://www.aegv.edu.pt/bibliotecadagil/wp-content/uploads/2020/01/DAR-A-VER-DAR-A-LER-v5.jpg" alt="" class="wp-image-9039" width="384" height="264"/></figure></div>


<p style="text-align:justify;">O projeto <strong><em>Dar a ver, Dar a ler </em></strong><em>+ /&nbsp;<strong>Da Leitura à Escrita</strong></em>&nbsp;destina-se à promoção da leitura e de competências associadas, nomeadamente a escrita,&nbsp; no âmbito da iniciativa <strong>aLer+2027</strong>&nbsp;, do&nbsp;<strong>Plano Nacional de Leitura,&nbsp;</strong>em parceria com a&nbsp;<strong>Rede de Bibliotecas Escolares</strong>.</p>
<p style="text-align:justify;">As atividades propostas pela Biblioteca da Escola Gil Vicente dividem-se em três secções díspares, embora relativas ao tópico central, que passamos a descrever:</p>
<ol>
<li style="text-align:justify;"><strong><em>Ad Memoriam</em></strong>:<strong><em>&nbsp;</em></strong>comemoração de efemérides relacionadas com a leitura, o livro e as bibliotecas. Nesta categoria, incluem-se as comemorações do&nbsp; MIBE (Mês Internacional das Bibliotecas Escolares), do <em>Dia Nacional das Bibliotecas Escolares</em>, da <em>Semana da Leitura,&nbsp;</em>do <em>Dia da Poesia</em>, do <em>Dia Mundial do Livro e dos Direitos de Autor</em>, entre outros. Todas as datas consideradas relevantes,&nbsp; do ponto de vista cultural, como o <em>Dia 25 de Abril</em>, por exemplo, também são incluídas nesta categoria, uma vez que a Biblioteca da Escola Gil Vicente desenvolve atividades com docentes e discentes relacionadas com a celebração dessa efeméride.</li>
<li style="text-align:justify;"><strong><em>Desafios da BE</em></strong>: nesta secção, incluem-se todas as atividades ou projetos sugeridos pela Biblioteca Escolar, no sentido de estimular o gosto pela leitura e pela escrita. As iniciativas podem assumir uma forma livre ou recreativa e, neste caso, funcionam como atividades extra-curriculares, ou podem ser planificadas com os docentes, de acordo com os <em>curricula </em>das disciplinas e com o referencial <em>Aprender com a Biblioteca escolar</em>, apresentando-se, então, sob a forma de atividades colaborativas curriculares. Em ambos os casos, pretende-se aguçar o interesse dos alunos pela leitura e pela escrita. Nesta categoria, incluem-se as seguintes atividades: <em>Clube de Leitura,&nbsp;Oficina de Escrita Criativa,&nbsp;Clube de Contadores de Histórias</em> (dinamizado pela autora e contadora de histórias, Elsa Serra),&nbsp;<em>Na Rua com Histórias </em>(projeto em parceria com a autora e contadora de histórias, Elsa Serra), leitura orientada de obras em articulação curricular, concurso literário&nbsp;<em>À descoberta de &#8230; Escritores &amp; Livros,</em>&nbsp;Sessões de animação e fomento da leitura &#8211;&nbsp;&nbsp;<em>Animarte.&nbsp;</em></li>
<li style="text-align:justify;"><strong><em>À Conversa com&#8230;</em></strong>: consiste num ciclo anual de conferências dinamizado pela Biblioteca da Escola Gil Vicente. Este ciclo pode assumir diversos formatos, <em>e.g.,&nbsp;</em>conferência para um público alargado, palestra para um público mais restrito, debate sobre um tópico, mesa-redonda, encontro com autores e apresentações por especialistas numa área de conhecimento ou por agentes ligados às bibliotecas, livrarias ou editoras.</li>
</ol>
<p>&nbsp;</p>

<p>O projeto Dar a ver, Dar a ler + /&nbsp;Da Leitura à Escrita&nbsp;destina-se à promoção da leitura e de competências associadas, nomeadamente a escrita,&nbsp; no âmbito da iniciativa aLer+2027&nbsp;, do&nbsp;Plano Nacional de Leitura,&nbsp;em parceria com a&nbsp;Rede de Bibliotecas Escolares. As atividades propostas pela Biblioteca da Escola Gil Vicente dividem-se em três secções díspares, embora relativas &hellip; </p>
<p class="link-more"><a href="https://www.aegv.edu.pt/bibliotecadagil/dar-a-ver-dar-a-ler/" class="more-link">Continuar a ler <span class="screen-reader-text">&#8220;Dar a Ver , Dar a Ler + (PNL &#8211; aLer+2027-)&#8221;</span></a></p>
